9126?
2, 3, 31, 71, 107
List the prime factors of 1010321.
13, 23, 31, 109
What are the prime factors of 162898?
2, 79, 1031
List the prime factors of 755421.
3, 19, 29, 457
What are the prime factors of 9854216?
2, 103, 11959
What are the prime factors of 6907768?
2, 7, 293, 421
List the prime factors of 38562.
2, 3, 6427
What are the prime factors of 1338466?
2, 29, 47, 491
List the prime factors of 14608554.
2, 3, 433, 5623
List the prime factors of 58382.
2, 29191
List the prime factors of 13487603.
13487603
List the prime factors of 2710979.
1283, 2113
List the prime factors of 1996500.
2, 3, 5, 11
List the prime factors of 229734.
2, 3, 12763
List the prime factors of 87648.
2, 3, 11, 83
What are the prime factors of 4565053?
4565053
What are the prime factors of 732927?
3, 13, 18793
What are the prime factors of 435595?
5, 87119
List the prime factors of 148190.
2, 5, 7, 29, 73
List the prime factors of 12990348.
2, 3, 7, 17183
What are the prime factors of 12782248?
2, 1597781
What are the prime factors of 1240234?
2, 620117
What are the prime factors of 499756?
2, 103, 1213
List the prime factors of 40465.
5, 8093
List the prime factors of 2418342.
2, 3, 403057
List the prime factors of 1645626.
2, 3, 274271
What are the prime factors of 3962773?
19, 41, 5087
List the prime factors of 324663.
3, 31, 3491
What are the prime factors of 214631?
214631
List the prime factors of 286501.
17, 19, 887
List the prime factors of 2923579.
31, 94309
What are the prime factors of 3846993?
3, 71, 18061
List the prime factors of 556970.
2, 5, 55697
List the prime factors of 1960474.
2, 17, 23, 109
List the prime factors of 186241.
11, 16931
List the prime factors of 13435515.
3, 5, 293, 1019
List the prime factors of 32472.
2, 3, 11, 41
List the prime factors of 221644.
2, 55411
What are the prime factors of 2020820?
2, 5, 79, 1279
What are the prime factors of 786476?
2, 97, 2027
List the prime factors of 13744132.
2, 3436033
List the prime factors of 37925.
5, 37, 41
List the prime factors of 112404.
2, 3, 17, 19, 29
List the prime factors of 4767228.
2, 3, 37, 1193
What are the prime factors of 8827210?
2, 5, 7, 19, 6637
List the prime factors of 2023231.
7, 289033
What are the prime factors of 807880?
2, 5, 19, 1063
List the prime factors of 3168564.
2, 3, 7, 67, 563
What are the prime factors of 295395?
3, 5, 47, 419
List the prime factors of 1506904.
2, 7, 71, 379
List the prime factors of 3515086.
2, 97, 18119
What are the prime factors of 271232?
2, 13, 163
List the prime factors of 215791.
31, 6961
List the prime factors of 2047526.
2, 13, 61, 1291
List the prime factors of 11002040.
2, 5, 7, 39293
What are the prime factors of 2993135?
5, 101, 5927
List the prime factors of 3487535.
5, 697507
What are the prime factors of 18438844?
2, 587, 7853
What are the prime factors of 19051353?
3, 2116817
List the prime factors of 2517034.
2, 13, 131, 739
List the prime factors of 9003053.
419, 21487
What are the prime factors of 252343?
7, 13, 47, 59
List the prime factors of 373112.
2, 46639
What are the prime factors of 5390410?
2, 5, 163, 3307
What are the prime factors of 240404?
2, 60101
List the prime factors of 3582023.
821, 4363
What are the prime factors of 592977?
3, 7, 11, 17, 151
List the prime factors of 7613701.
7613701
What are the prime factors of 20483824?
2, 19, 43, 1567
What are the prime factors of 6941356?
2, 1735339
What are the prime factors of 832922?
2, 19, 23, 953
What are the prime factors of 245650?
2, 5, 17
What are the prime factors of 1009035?
3, 5, 17, 1319
List the prime factors of 3166951.
3166951
What are the prime factors of 787929?
3, 262643
What are the prime factors of 842378?
2, 421189
What are the prime factors of 17556296?
2, 2194537
What are the prime factors of 10746562?
2, 5373281
What are the prime factors of 632126?
2, 11, 59, 487
What are the prime factors of 458288?
2, 28643
List the prime factors of 2994757.
2994757
What are the prime factors of 3786408?
2, 3, 43, 1223
What are the prime factors of 419397?
3, 11, 71, 179
What are the prime factors of 190800?
2, 3, 5, 53
What are the prime factors of 8498274?
2, 3, 71, 19949
What are the prime factors of 675272?
2, 13, 43, 151
What are the prime factors of 11260612?
2, 11, 255923
What are the prime factors of 17452078?
2, 7, 23, 83, 653
What are the prime factors of 7880110?
2, 5, 7, 112573
What are the prime factors of 9163854?
2, 3, 7, 8081
List the prime factors of 2517346.
2, 13, 96821
What are the prime factors of 14481?
3, 1609
List the prime factors of 36206365.
5, 13, 557021
What are the prime factors of 154898?
2, 41, 1889
What are the prime factors of 43494726?
2, 3, 11, 659011
What are the prime factors of 146432?
2, 11, 13
What are the prime factors of 4632366?
2, 3, 772061
What are the prime factors of 486787?
7, 197, 353
List the prime factors of 299422.
2, 149711
What are the prime factors of 16097305?
5, 7, 459923
List the prime factors of 2921095.
5, 53, 73, 151
List the prime factors of 535734.
2, 3, 3307
What are the prime factors of 1043096?
2, 23, 5669
List the prime factors of 5103445.
5, 1020689
List the prime factors of 30273463.
11, 367, 7499
List the prime factors of 6660393.
3, 19, 116849
What are the prime factors of 138749?
13, 821
List the prime factors of 282432.
2, 3, 1471
List the prime factors of 1219917.
3, 191, 2129
What are the prime factors of 38113?
38113
What are the prime factors of 227603?
227603
What are the prime factors of 234688?
2, 19, 193
What are the prime factors of 1313464?
2, 164183
List the prime factors of 867334.
2, 13, 33359
What are the prime factors of 469095?
3, 5, 11, 2843
List the prime factors of 566920.
2, 5, 14173
What are the prime factors of 9733052?
2, 7, 347609
What are the prime factors of 25766?
2, 13, 991
List the prime factors of 285458.
2, 53, 2693
What are the prime factors of 2335258?
2, 113, 10333
List the prime factors of 15917897.
29, 548893
List the prime factors of 185237.
13, 14249
What are the prime factors of 1078230?
2, 3, 5, 127, 283
What are the prime factors of 950487?
3, 17, 18637
What are the prime factors of 101117?
101117
What are the prime factors of 98724?
2, 3, 19, 433
What are the prime factors of 634691?
67, 9473
List the prime factors of 213153.
3, 227, 313
What are the prime factors of 5740217?
7, 37, 599
What are the prime factors of 16648437?
3, 13, 157, 2719
What are the prime factors of 11438195?
5, 17, 53, 2539
What are the prime factors of 4968428?
2, 1242107
List the prime factors of 6218758.
2, 7, 13, 47, 727
What are the prime factors of 99535?
5, 17, 1171
What are the prime factors of 2147520?
2, 3, 5, 2237
List the prime factors of 2305976.
2, 288247
What are the prime factors of 2809678?
2, 739, 1901
List the prime factors of 1464225.
3, 5, 7, 2789
List the prime factors of 249851.
7, 5099
What are the prime factors of 746624?
2, 19, 307
What are the prime factors of 7272259?
31, 234589
List the prime factors of 1568912.
2, 98057
What are the prime factors of 15327790?
2, 5, 1532779
What are the prime factors of 73886?
2, 36943
List the prime factors of 2896094.
2, 19, 76213
List the prime factors of 89315.
5, 17863
What are the prime factors of 337994?
2, 17, 9941
What are the prime factors of 1613866?
2, 37, 113, 193
List the prime factors of 379101.
3, 107, 1181
What are the prime factors of 1410639?
3, 470213
List the prime factors of 35006.
2, 23, 761
What are the prime factors of 4704403?
11, 97, 4409
List the prime factors of 247363.
247363
What are the prime factors of 114152?
2, 19, 751
What are the prime factors of 8949348?
2, 3, 248593
What are the prime factors of 12863?
19, 677
List the prime factors of 28753659.
3, 11, 290441
What are the prime factors of 28505?
5, 5701
List the prime factors of 991647.
3, 110183
List the prime factors of 76596.
2, 3, 13, 491
What are the prime factors of 334394?
2, 167197
What are the prime factors of 11301392?
2, 706337
List the prime factors of 449576.
2, 56197
What are the prime factors of 737259?
3, 245753
What are the prime factors of 52881?
3, 17627
List the prime factors of 2167681.
23, 79, 1193
List the prime factors of 3807189.
3, 37, 103
What are the prime factors of 12911197?
13,